= 3*g + 23, -m = -4*t + g - 6. What are the prime factors of t?
11
Let s = 49 - 85. What are the prime factors of 399/27 - 8/s?
3, 5
Suppose 0*v + 44 = 4*v. List the prime factors of v.
11
Suppose s - 5*f = -3*s + 646, -2*s - f = -330. Suppose 4*l - 3*j - 190 + 26 = 0, -4*l - 2*j + s = 0. What are the prime factors of l?
41
Let t(m) = 3*m**3 + m**2 - 3*m. Let w be t(-2). Let p = 34 + w. List the prime factors of p.
2, 5
Let g(w) = -4*w - 4. Let f be g(-7). Suppose -o = -3*o + f. List the prime factors of o.
2, 3
Suppose 0*u = -3*u + 72. Let p(b) = -b**2 + b. Let j be p(0). Suppose -u = -j*l - 2*l. List the prime factors of l.
2, 3
Let t = 20 + 16. Let g be 3/(1/((-8)/(-6))). Suppose -g*l = -l - t. What are the prime factors of l?
2, 3
Let f(p) = p**3 - 4*p**2 + 2*p. Let u be f(4). Let s(j) = j**3 + 7*j + 6 - u*j**2 - 3*j + 7*j - 3*j. List the prime factors of s(7).
13
Suppose -4*y - 38 = -5*y. List the prime factors of y.
2, 19
Let o(l) = l**3 - 5*l**2 - 5*l - 3. Let y be o(6). Suppose 4*t = -w + 26, 3*t = -2*w + y*w + 2. List the prime factors of w.
2, 5
Suppose -4*p = 2*n - 46, 0 = 5*p + 3*n - 49 - 11. What are the prime factors of p?
3
Let v = 5 + -1. Let j = 6 - v. List the prime factors of j.
2
Let t = -10 + 17. What are the prime factors of t?
7
List the prime factors of 1/1*(29 - -5).
2, 17
Suppose 3*p - 25 = 17. Suppose -4*r + 8 = 0, -3*r = -2*g - 2*r - p. Let n = g - -14. List the prime factors of n.
2
Suppose 0 = -3*p + p + 56. What are the prime factors of p?
2, 7
Suppose -2*m = -7 - 5. What are the prime factors of m?
2, 3
Suppose 6*g - 3*g = 15. Let c be 0 + (-5)/(g/(-2)). Suppose c*w = -2*w - 2*b + 48, 4*w = 5*b + 76. What are the prime factors of w?
2, 7
Let w(k) = 2*k - 2. Let t be w(2). Let f be 2 - 0 - (-1 + 1). Let r = t + f. List the prime factors of r.
2
Let j be 0*2*3/6. Suppose j = -z - 4*r + 7, -5*r = -2*z - 25. List the prime factors of 2/z*(1 - 6).
2
Let v(g) = g**3 + 7*g**2 + 7*g + 2. Let f be v(-6). Let m = f + 6. List the prime factors of m.
2
Suppose f - 2*a - 6 = 10, -14 = -4*f - 2*a. Suppose 3*l + 9 = f*l. Suppose 4*m - 28 = 4*i, -l*m = -i - 6 - 9. What are the prime factors of m?
2
Suppose -4*p = -6 - 2. Suppose -2*k - 8 = 0, p*z = -0*z + k + 10. Suppose 39 = 5*h - 5*l + 14, -4*h + z*l + 20 = 0. List the prime factors of h.
5
List the prime factors of (6/4 + -1)*-2 - -25.
2, 3
Suppose 0 = -5*i + 3*n - 66, -4*i + 5*n - 64 = -6. Let r(v) = -v**3 + 5*v**2 + v + 4. Let l be r(5). What are the prime factors of -3*(i/l)/2?
2
Let p be 168/(-98) - (-2)/(-7). What are the prime factors of p/5 + (-154)/(-10)?
3, 5
Suppose 3*c + 0*v = -2*v + 30, 0 = 3*c - 3*v - 30. List the prime factors of c.
2, 5
Suppose -2*l - 4*v = -48, 4*v + 72 = 2*l + 2*v. List the prime factors of l.
2
Suppose x + 1205 = 4*j + j, -j + 3*x + 255 = 0. What are the prime factors of j?
2, 3, 5
Let i(c) = 2*c**2 - c - 1. What are the prime factors of i(-5)?
2, 3
Suppose 0 = 5*x - 2*b - 598 - 521, -x + b = -222. What are the prime factors of x?
3, 5
Let b = -3 + -9. Let s = -5 - b. Suppose s = 5*c - 13, -4*g - 4*c = -40. List the prime factors of g.
2, 3
Suppose t - 3*a = 184, 383 = 2*t + 2*a - 1. What are the prime factors of t?
2, 5, 19
Suppose 42 = -5*r + 8*r. List the prime factors of (-1 - 5/(-2))*r.
3, 7
Let g(i) = -19*i + 16. List the prime factors of g(-4).
2, 23
Suppose 5*g - 34 + 4 = 0. Suppose 2*n - 24 = -g. What are the prime factors of 1/(-2) - n/(-2)?
2
Let o(p) = -p**3 - 3*p**2 - 2*p - 4. Let u be o(-3). Suppose u*f = 5*f - 36. List the prime factors of f.
2, 3
Suppose 8 = 3*z - 2*y, -4*z = -2*z + 4*y + 16. Suppose 4*o - u + 5*u - 160 = 0, -u = z. List the prime factors of o.
2, 5
Let f(h) = -7*h - 1. Suppose -2*z - 12 = -2*v, 5*v - 29 = -z - 11. What are the prime factors of f(z)?
13
Let j(k) = 0 - 1 + 4 + k. Let z be j(-5). List the prime factors of 1*z + (-24)/(-4).
2
Suppose -89*i - 175 = -96*i. What are the prime factors of i?
5
Suppose -m + 8 + 1 = 4*n, m - 5*n = 0. Let h = -4 + m. Suppose 2*i - h = 23. List the prime factors of i.
2, 3
Suppose 6*m - 9 = 3*m. Suppose -q + 39 = 3*l, 0*q - 5*q + 177 = -m*l. Suppose -4*p = -2*p - q. What are the prime factors of p?
2, 3
Let t = -29 - -73. What are the prime factors of t?
2, 11
Let y = -4 - -8. Let b = y + 26. Suppose 0 = t + 2*t - b. List the prime factors of t.
2, 5
Let r = -3 - -3. Suppose 5*h + 35 + 10 = r. Let v = h + 16. What are the prime factors of v?
7
Let i(c) = -3*c**3 - c**2 - 4*c - 3. Let s be i(-2). What are the prime factors of (10/s)/(1/20)?
2
Let h(c) = 2*c**3 - 2*c. Let t be h(-2). Let v = 14 + t. What are the prime factors of v?
2
Suppose -3*r + q = -q - 68, 0 = -r + q + 24. List the prime factors of r.
2, 5
Let z(d) be the first derivative of d**3/3 + 2*d**2 - d - 2. What are the prime factors of z(-5)?
2
Suppose 7 = -5*w + 17. Let n(a) = -a**3 - a**2 - 3*a - 1. Let g be n(-2). Suppose -m - w*t = -g, 4 = 2*t - 0*t. List the prime factors of m.
5
Let o(z) = z**2 + 3*z + 2. Suppose -5*i - 15 = 3*w, -2*w - i + 0*i = 10. Let f be o(w). Let k(g) = g**2 - 11*g + 9. List the prime factors of k(f).
3, 7
Let j be (-4*2)/(6/(-3)). What are the prime factors of 1/(j/(-72)*-2)?
3
Suppose 2*y = -6*y + 304. List the prime factors of y.
2, 19
Suppose 0 = -2*i + 4*i - 502. What are the prime factors of i?
251
Let v(w) be the first derivative of w**2/2 - 9*w - 1. What are the prime factors of v(11)?
2
Suppose 52 = 3*q + 4. What are the prime factors of q?
2
Let i be 1/2*2*1. Suppose -23 - i = -3*r. List the prime factors of r.
2
Let s be (0 - 3) + 60 + -3. Suppose s = 4*i - y, y = i - 11 - 4. What are the prime factors of i?
13
Suppose -3 = 2*g - 9. Suppose 4*o - 2 - 5 = 3*y, 3*o = g*y + 3. List the prime factors of y.
3
Suppose 1 + 5 = 3*p. Suppose -5*h + p*q + 65 = 0, -2*h - 2*q = -6*h + 50. What are the prime factors of h?
3, 5
Let r(h) = 5*h. Let y be r(3). Let k = -8 + y. List the prime factors of k.
7
Suppose 3*k - 382 = -136. What are the prime factors of k?
2, 41
Let i(a) = -2*a + 2. Let q be i(2). What are the prime factors of -1 + -2 + 22 + q?
17
Suppose -5*w + 48 = -2*m, 0 = m - 1 - 0. List the prime factors of w.
2, 5
Let v(c) = c. Let o(k) = -7*k + 9. Let z(g) = o(g) + 5*v(g). List the prime factors of z(-5).
19
Let i(z) = 20*z**2 + 2*z - 11. What are the prime factors of i(3)?
5, 7
Let b(z) = z**3 - 8*z**2 + z + 8. List the prime factors of b(8).
2
Suppose -9 = -k - i, -4*k + 4*i + 0 = 4. Suppose 0 = k*z - z + 6, -4*z + 92 = 2*u. What are the prime factors of u?
2, 5
Let a(m) = m**3 + 6*m**2 + 2*m + 2. Let v be a(-4). Suppose w + v = -o, w + 4 = -4*o - 28. Let c = 36 + w. List the prime factors of c.
2, 3
Suppose -147 - 437 = -4*n. What are the prime factors of n?
2, 73
Let l(w) = -w**3 + 6*w**2 + 6*w + 10. Let i be l(7). Suppose h = i*h - 24. What are the prime factors of h?
2, 3
Suppose -3*d + 3*x - 3 = 0, 35 = 5*d + 3*x + 2*x. Let t(j) = -j**2 - 6 + 3*j**2 - 10*j - 3*j**2 - d. List the prime factors of t(-8).
7
Let g = -7 + 7. Suppose g*r - 15 = -r. What are the prime factors of r?
3, 5
Suppose 0 = -7*z + 3*z - 16. Let i(k) = k**3 + 6*k**2 + 2*k - 2. List the prime factors of i(z).
2, 11
Let t(b) be the second derivative of 5*b**4/24 - b**3/3 - b**2 + b. Let p(c) be the first derivative of t(c). List the prime factors of p(2).
2
Let n(g) = -g**3 + 8*g**2 - 7*g. Let k be (-42)/4*(-4)/6. Let z be n(k). Suppose -4*x = 3*l - 47, 4*l + 5*x = -z*l + 61. What are the prime factors of l?
3
Let r = -22 + 24. Suppose -m - 27 = -r*m. What are the prime factors of m?
3
Let h be 3/(0 - 0 - -1). Suppose h*u + 0*u = 72. What are the prime factors of u?
2, 3
Let y(x) = -x + 15. Suppose 2*c = 3*c. Let j be 0 + c/(2 + -3). What are the prime factors of y(j)?
3, 5
Suppose 0 = -2*o - f + 8 - 0, -4*o + 22 = 5*f. Suppose -3 = -3*h + o. List the prime factors of h.
2
Let w be (-2)/7 + (-235)/35. Let a = 9 + w. What are the prime factors of a?
2
Let h be (4/5)/(1/10). Suppose -2*q - q - 15 = 0. Let w = q + h. List the prime factors of w.
3
Let k be (-4)/(-3) + 18/27. Suppose k*q + 1 = -1. Let j = 3 + q. List the prime factors of j.
2
Let g(z) be the second derivative of z**6/720 + z**4/6 - 2*z. Let y(i) be the third derivative of g(i). List the prime factors of y(5).
5
Let k be -2 + (-1